430 a multiple of 55?
True
Is 54 a factor of 19215?
False
Is 30 a factor of 48155?
False
Does 55 divide 3415?
False
Is 2 a factor of 620?
True
Does 21 divide 14342?
False
Is 1728 a multiple of 16?
True
Is 1290 a multiple of 43?
True
Does 31 divide 2122?
False
Is 16336 a multiple of 11?
False
Is 330 a multiple of 8?
False
Is 48 a factor of 1872?
True
Is 49 a factor of 1372?
True
Is 976 a multiple of 19?
False
Does 195 divide 6184?
False
Is 6 a factor of 128?
False
Does 62 divide 1426?
True
Is 4 a factor of 144?
True
Is 14 a factor of 896?
True
Does 65 divide 12636?
False
Is 111 a multiple of 16?
False
Is 4018 a multiple of 82?
True
Does 122 divide 6936?
False
Is 17 a factor of 505?
False
Is 60 a multiple of 6?
True
Is 27 a factor of 891?
True
Does 12 divide 120?
True
Is 11971 a multiple of 18?
False
Is 31 a factor of 62787?
False
Is 4 a factor of 108?
True
Does 38 divide 113229?
False
Is 53 a factor of 15370?
True
Is 77 a factor of 3773?
True
Does 47 divide 2068?
True
Is 74 a factor of 2294?
True
Is 3672 a multiple of 17?
True
Is 8 a factor of 1376?
True
Does 2 divide 997?
False
Is 16393 a multiple of 14?
False
Is 594 a multiple of 11?
True
Is 11 a factor of 7280?
False
Does 66 divide 1484?
False
Is 18 a factor of 198?
True
Does 51 divide 626?
False
Is 2016 a multiple of 8?
True
Does 8 divide 7728?
True
Does 9 divide 9787?
False
Does 21 divide 67?
False
Is 23 a factor of 4163?
True
Is 28815 a multiple of 9?
False
Does 40 divide 16920?
True
Is 38 a multiple of 9?
False
Is 40 a factor of 1713?
False
Does 16 divide 19709?
False
Is 812 a multiple of 81?
False
Is 1471 a multiple of 21?
False
Is 10728 a multiple of 12?
True
Is 2112 a multiple of 33?
True
Does 75 divide 15302?
False
Is 6489 a multiple of 103?
True
Is 61 a factor of 122?
True
Does 11 divide 4961?
True
Is 2 a factor of 120?
True
Is 91 a factor of 13913?
False
Is 3 a factor of 8?
False
Is 174 a multiple of 21?
False
Does 14 divide 127?
False
Is 1606 a multiple of 146?
True
Does 12 divide 419?
False
Is 18 a factor of 3456?
True
Is 14 a factor of 113?
False
Is 4164 a multiple of 20?
False
Is 12610 a multiple of 130?
True
Is 54 a multiple of 27?
True
Does 135 divide 2700?
True
Is 3 a factor of 1494?
True
Does 32 divide 480?
True
Does 43 divide 80453?
True
Does 174 divide 46284?
True
Is 5 a multiple of 2?
False
Is 6695 a multiple of 65?
True
Is 11 a factor of 50659?
False
Is 51 a factor of 6732?
True
Is 11270 a multiple of 44?
False
Is 17 a factor of 5958?
False
Does 12 divide 12744?
True
Does 258 divide 28122?
True
Is 15 a factor of 585?
True
Is 27786 a multiple of 6?
True
Is 6 a factor of 415?
False
Does 9 divide 307?
False
Does 9 divide 306?
True
Is 1693 a multiple of 113?
False
Does 12 divide 1489?
False
Does 18 divide 6270?
False
Is 3 a factor of 689?
False
Is 216 a factor of 15250?
False
Is 10 a factor of 3770?
True
Does 17 divide 2584?
True
Is 60 a factor of 25020?
True
Is 11 a factor of 928?
False
Is 133 a multiple of 6?
False
Is 18732 a multiple of 36?
False
Is 2024 a multiple of 22?
True
Is 42 a factor of 19950?
True
Does 111 divide 41292?
True
Does 8 divide 28008?
True
Does 17 divide 425?
True
Is 416 a multiple of 6?
False
Is 12 a factor of 7032?
True
Is 508 a multiple of 9?
False
Is 2 a factor of 12229?
False
Is 10 a factor of 2530?
True
Is 21 a factor of 568?
False
Does 16 divide 1115?
False
Is 3082 a multiple of 67?
True
Does 227 divide 13382?
False
Is 3496 a multiple of 19?
True
Does 13 divide 43407?
True
Is 10428 a multiple of 44?
True
Does 27 divide 2303?
False
Is 14 a factor of 5306?
True
Is 1150 even?
True
Does 26 divide 21190?
True
Is 92 a factor of 36432?
True
Does 8 divide 456?
True
Is 1916 a multiple of 34?
False
Does 16 divide 9584?
True
Is 20336 a multiple of 31?
True
Is 87 a factor of 40892?
False
Does 109 divide 2712?
False
Does 2 divide 166?
True
Is 40 a factor of 1000?
True
Is 236 a factor of 25016?
True
Is 4 a factor of 7539?
False
Is 58 a factor of 4292?
True
Is 41 a factor of 4059?
True
Is 10 a factor of 425?
False
Does 10 divide 348?
False
Is 25852 a multiple of 43?
False
Does 9 divide 762?
False
Is 12 a factor of 17424?
True
Does 16 divide 15269?
False
Is 80 a factor of 848?
False
Is 12 a factor of 176?
False
Is 8 a factor of 26472?
True
Does 63 divide 16380?
True
Is 1180 a multiple of 20?
True
Is 9 a factor of 18099?
True
Is 17 a factor of 632?
False
Is 70 a factor of 7630?
True
Is 36920 a multiple of 104?
True
Is 15 a factor of 1170?
True
Does 49 divide 8796?
False
Does 41 divide 120889?
False
Is 956 a multiple of 84?
False
Is 43871 a multiple of 10?
False
Does 4 divide 17188?
True
Is 98 a factor of 1914?
False
Is 2695 a multiple of 7?
True
Is 29 a factor of 17491?
False
Is 928 a multiple of 15?
False
Does 50 divide 867?
False
Is 8 a factor of 224?
True
Does 7 divide 86846?
False
Does 111 divide 108363?
False
Is 14 a factor of 194?
False
Is 116 a factor of 46632?
True
Is 9 a factor of 5467?
False
Is 120 a multiple of 6?
True
Is 24 a factor of 8880?
True
Does 14 divide 3136?
True
Is 18 a factor of 617?
False
Does 28 divide 10443?
False
Is 490 a multiple of 51?
False
Does 17 divide 1158?
False
Does 5 divide 14430?
True
Does 9 divide 661?
False
Is 43 a factor of 3526?
True
Is 108 a multiple of 3?
True
Is 144 a factor of 2245?
False
Does 119 divide 19819?
False
Is 17690 a multiple of 29?
True
Does 48 divide 375?
False
Is 138 a factor of 452?
False
Is 182 a multiple of 5?
False
Is 137 a factor of 5617?
True
Is 300 a factor of 11400?
True
Does 11 divide 1936?
True
Is 1875 a multiple of 15?
True
Is 144 a multiple of 36?
True
Is 10406 a multiple of 11?
True
Is 352 a multiple of 3?
False
Does 170 divide 27431?
False
Is 20 a factor of 28975?
False
Does 13 divide 486?
False
Does 39 divide 312?
True
Is 31 a multiple of 2?
False
Is 1237 a multiple of 26?
False
Is 24 a factor of 264?
True
Does 56 divide 33878?
False
Is 6 a factor of 47310?
True
Does 42 divide 4578?
True
Does 53 divide 52417?
True
Is 27 a factor of 373?
False
Is 1140 a multiple of 20?
True
Is 9 a factor of 1126?
False
Does 49 divide 713?
False
Is 649 a multiple of 14?
False
Does 4 divide 440?
True
Is 687 a multiple of 27?
False
Does 58 divide 2262?
True
Is 88 a factor of 8800?
True
Is 20 a factor of 1040?
True
Does 102 divide 9750?
False
Does 6 divide 273?
False
Is 4873 a multiple of 11?
True
Is 18 a factor of 14364?
True
Does 22 divide 2140?
False
Does 3 divide 259?
False
Is 405 a multiple of 45?
True
Is 7566 a multiple of 126?
False
Is 7 a factor of 6071?
False
Is 72 a factor of 403?
False
Is 5635 a multiple of 7?
True
Does 27 divide 33807?
False
Is 63 a multiple of 2?
False
Does 11 divide 220?
True
Is 3469 a multiple of 3?
False
Is 419 a factor of 148326?
True
Is 74 a factor of 1184?
True
Is 1480 a multiple of 13?
False
Does 88 divide 6153?
False
Is 9 a factor of 81?
True
Is 468 a multiple of 24?
False
Does 3 divide 37?
False
Does 12 divide 2491?
False
Is 40222 a multiple of 7?
True
Is 39 a factor of 12509?
False
Does 35 divide 802?
False
Is 3 a factor of 114?
True
Does 13 divide 1989?
True
Does 14 divide 55860?
True
Is 2690 a multiple of 32?
False
Is 16 a factor of 1528?
False
Is 3 a factor of 54?
True
Does 25 divide 4317?
False
Is 10370 a multiple of 5?
True
Is 15 a factor of 478?
False
Is 14 a factor of 347?
False
Is 1456 a multiple of 22?
False
Is 43 a factor of 17501?
True
Does 18 divide 6324?
False
Is 3555 a multiple of 172?
False
Is 3541 a multiple of 59?
False
Is 6 a factor of 114?
True
Is 96 a factor of 852?
False
Does 22 divide 35?
False
Does 41 divide 492?
True
Is 15 a factor of 6720?
True
Is 14066 a multiple of 14?
False
Is 42 a factor of 126?
True
Is 3570 a multiple of 30?
True
Is 43 a factor of 645?
True
Is 40405 a multiple of 77?
False
Is 6 a factor of 156?
True
Is 8 a factor of 2058?
False
Does 27 divide 567?
True
Is 954 a multiple of 9?
True
Does 7 divide 8260?
True
Is 1749 a multiple of 33?
True
Is 345 a multiple of 20?
False
Is 8 a factor of 2386?
False
Does 31 divide 852?
False
Does 21 divide 4032?
True
Is 17 a factor of 1938?
True
Is 2863 a multiple of 37?
False
Is 3 a factor of 474?
True
Does 180 divide 8640?
True
Does 10 divide 30?
True
Is 12 a factor of 3252?
True
Is 546 a multiple of 6?
True
Is 1847 a multiple of 16?
False
Is 108062 a multiple of 153?
False
Is 2833 a mult